{"id":60,"date":"2023-03-17T16:58:10","date_gmt":"2023-03-17T15:58:10","guid":{"rendered":"http:\/\/wp2023.waytoharmony.de\/Home\/?page_id=60"},"modified":"2025-02-25T17:51:12","modified_gmt":"2025-02-25T16:51:12","slug":"allgemein-ueber-mich","status":"publish","type":"page","link":"https:\/\/wp2023.waytoharmony.de\/Home\/allgemein-ueber-mich\/","title":{"rendered":"Allgemein &#8211; \u00dcber mich"},"content":{"rendered":"\t\t<div data-elementor-type=\"wp-page\" data-elementor-id=\"60\" class=\"elementor elementor-60\">\n\t\t\t\t\t\t<section class=\"elementor-section elementor-top-section elementor-element elementor-element-a556da1 elementor-section-boxed elementor-section-height-default elementor-section-height-default\" data-id=\"a556da1\" data-element_type=\"section\" data-e-type=\"section\">\n\t\t\t\t\t\t<div class=\"elementor-container elementor-column-gap-default\">\n\t\t\t\t\t<div class=\"elementor-column elementor-col-100 elementor-top-column elementor-element elementor-element-9a5e2e3\" data-id=\"9a5e2e3\" data-element_type=\"column\" data-e-type=\"column\">\n\t\t\t<div class=\"elementor-widget-wrap elementor-element-populated\">\n\t\t\t\t\t\t<div class=\"elementor-element elementor-element-121b805 elementor-widget elementor-widget-image\" data-id=\"121b805\" data-element_type=\"widget\" data-e-type=\"widget\" data-widget_type=\"image.default\">\n\t\t\t\t<div class=\"elementor-widget-container\">\n\t\t\t\t\t\t\t\t\t\t\t\t\t\t\t<img decoding=\"async\" src=\"https:\/\/wp2023.waytoharmony.de\/wp-content\/uploads\/2025\/02\/01-Hauptlogo-2.png\" title=\"01 &#8211; Hauptlogo\" alt=\"01 - Hauptlogo\" loading=\"lazy\" \/>\t\t\t\t\t\t\t\t\t\t\t\t\t\t\t<\/div>\n\t\t\t\t<\/div>\n\t\t\t\t\t<\/div>\n\t\t<\/div>\n\t\t\t\t\t<\/div>\n\t\t<\/section>\n\t\t\t\t<section class=\"elementor-section elementor-top-section elementor-element elementor-element-015b204 elementor-section-boxed elementor-section-height-default elementor-section-height-default\" data-id=\"015b204\" data-element_type=\"section\" data-e-type=\"section\">\n\t\t\t\t\t\t<div class=\"elementor-container elementor-column-gap-default\">\n\t\t\t\t\t<div class=\"elementor-column elementor-col-66 elementor-top-column elementor-element elementor-element-0210f47\" data-id=\"0210f47\" data-element_type=\"column\" data-e-type=\"column\">\n\t\t\t<div class=\"elementor-widget-wrap elementor-element-populated\">\n\t\t\t\t\t\t<div class=\"elementor-element elementor-element-358679a elementor-widget elementor-widget-text-editor\" data-id=\"358679a\" data-element_type=\"widget\" data-e-type=\"widget\" data-widget_type=\"text-editor.default\">\n\t\t\t\t<div class=\"elementor-widget-container\">\n\t\t\t\t\t\t\t\t\t<h4 style=\"background-image: initial; background-position: initial; background-size: initial; background-repeat: initial; background-attachment: initial; background-origin: initial; background-clip: initial; color: #444444; font-family: arial, sans-serif; font-size: 15.3615px; font-style: normal; font-variant-ligatures: normal; font-variant-caps: normal; font-weight: 400;\"><strong>Mein Name ist Mathias Geu\u00df.<\/strong><\/h4><div style=\"background-image: initial; background-position: initial; background-size: initial; background-repeat: initial; background-attachment: initial; background-origin: initial; background-clip: initial; color: #444444; font-family: arial, sans-serif; font-size: 15.3615px; font-style: normal; font-variant-ligatures: normal; font-variant-caps: normal; font-weight: 400;\">Ich lebe mit meiner Frau und unseren beiden T\u00f6chtern in D\u00f6rfles-Esbach nahe Coburg.<\/div><div>\u00a0<\/div><div style=\"background-image: initial; background-position: initial; background-size: initial; background-repeat: initial; background-attachment: initial; background-origin: initial; background-clip: initial; color: #444444; font-family: arial, sans-serif; font-size: 15.3615px; font-style: normal; font-variant-ligatures: normal; font-variant-caps: normal; font-weight: 400;\">Hauptberuflich arbeite ich als Abteilungsleiter in der Feuerwache in Coburg.<\/div><div>\u00a0<\/div><div style=\"background-image: initial; background-position: initial; background-size: initial; background-repeat: initial; background-attachment: initial; background-origin: initial; background-clip: initial; color: #444444; font-family: arial, sans-serif; font-size: 15.3615px; font-style: normal; font-variant-ligatures: normal; font-variant-caps: normal; font-weight: 400;\">Ich bin<strong style=\"background: transparent;\">\u00a0Qi-Mag\u00ae Feng Shui Berater<\/strong>\u00a0und habe meine Ausbildung zum Feng-Shui Berater nach den Lehrprogrammen von\u00a0<strong style=\"background: transparent;\">Professor Dr. Jes T.Y. Lim<\/strong>\u00a0und den Seminaren des von ihm gegr\u00fcndeten\u00a0\u00a0\u00a0\u00a0\u00a0\u00a0\u00a0\u00a0\u00a0\u00a0\u00a0\u00a0<\/div><div style=\"background-image: initial; background-position: initial; background-size: initial; background-repeat: initial; background-attachment: initial; background-origin: initial; background-clip: initial; color: #444444; font-family: arial, sans-serif; font-size: 15.3615px; font-style: normal; font-variant-ligatures: normal; font-variant-caps: normal; font-weight: 400;\"><strong style=\"background: transparent;\">Qi &#8211; Mag\u00ae Institutes<\/strong>\u00a0von\u00a0<strong style=\"background: transparent;\">1998-2003\u00a0<\/strong>absolviert. Durch Weiterbildungen in Gartengestaltung und gesch\u00e4ftlichen Bereichen, bin ich in der Lage,<\/div><div style=\"background-image: initial; background-position: initial; background-size: initial; background-repeat: initial; background-attachment: initial; background-origin: initial; background-clip: initial; color: #444444; font-family: arial, sans-serif; font-size: 15.3615px; font-style: normal; font-variant-ligatures: normal; font-variant-caps: normal; font-weight: 400;\">Ihnen eine optimale und umfangreiche Beratung zu bieten.<\/div>\t\t\t\t\t\t\t\t<\/div>\n\t\t\t\t<\/div>\n\t\t\t\t\t<\/div>\n\t\t<\/div>\n\t\t\t\t<div class=\"elementor-column elementor-col-33 elementor-top-column elementor-element elementor-element-1b7062c\" data-id=\"1b7062c\" data-element_type=\"column\" data-e-type=\"column\">\n\t\t\t<div class=\"elementor-widget-wrap elementor-element-populated\">\n\t\t\t\t\t\t<div class=\"elementor-element elementor-element-f5de348 elementor-widget__width-initial elementor-widget elementor-widget-image\" data-id=\"f5de348\" data-element_type=\"widget\" data-e-type=\"widget\" data-widget_type=\"image.default\">\n\t\t\t\t<div class=\"elementor-widget-container\">\n\t\t\t\t\t\t\t\t\t\t\t\t\t\t\t<img fetchpriority=\"high\" decoding=\"async\" width=\"200\" height=\"300\" src=\"https:\/\/wp2023.waytoharmony.de\/wp-content\/uploads\/2023\/03\/Mathias.jpg\" class=\"attachment-large size-large wp-image-11\" alt=\"\" \/>\t\t\t\t\t\t\t\t\t\t\t\t\t\t\t<\/div>\n\t\t\t\t<\/div>\n\t\t\t\t\t<\/div>\n\t\t<\/div>\n\t\t\t\t\t<\/div>\n\t\t<\/section>\n\t\t\t\t<section class=\"elementor-section elementor-top-section elementor-element elementor-element-63165cb elementor-section-boxed elementor-section-height-default elementor-section-height-default\" data-id=\"63165cb\" data-element_type=\"section\" data-e-type=\"section\">\n\t\t\t\t\t\t<div class=\"elementor-container elementor-column-gap-default\">\n\t\t\t\t\t<div class=\"elementor-column elementor-col-100 elementor-top-column elementor-element elementor-element-930c038\" data-id=\"930c038\" data-element_type=\"column\" data-e-type=\"column\">\n\t\t\t<div class=\"elementor-widget-wrap elementor-element-populated\">\n\t\t\t\t\t\t<div class=\"elementor-element elementor-element-6d80ff2 elementor-widget elementor-widget-text-editor\" data-id=\"6d80ff2\" data-element_type=\"widget\" data-e-type=\"widget\" data-widget_type=\"text-editor.default\">\n\t\t\t\t<div class=\"elementor-widget-container\">\n\t\t\t\t\t\t\t\t\t<div style=\"background-image: initial; background-position: initial; background-size: initial; background-repeat: initial; background-attachment: initial; background-origin: initial; background-clip: initial; color: rgb(68, 68, 68); font-family: arial, sans-serif; font-size: 15.3615px; font-style: normal; font-variant-ligatures: normal; font-variant-caps: normal; font-weight: 400;\">Ich f\u00fchre&nbsp;<strong style=\"background: transparent;\">Feng Shui Beratungen<\/strong>&nbsp;in den privaten und gewerblichen Bereichen durch, gebe Workshops und halte Vortr\u00e4ge.<\/div><div style=\"background-image: initial; background-position: initial; background-size: initial; background-repeat: initial; background-attachment: initial; background-origin: initial; background-clip: initial; color: rgb(68, 68, 68); font-family: arial, sans-serif; font-size: 15.3615px; font-style: normal; font-variant-ligatures: normal; font-variant-caps: normal; font-weight: 400;\">&nbsp;<\/div><div style=\"background-image: initial; background-position: initial; background-size: initial; background-repeat: initial; background-attachment: initial; background-origin: initial; background-clip: initial; color: rgb(68, 68, 68); font-family: arial, sans-serif; font-size: 15.3615px; font-style: normal; font-variant-ligatures: normal; font-variant-caps: normal; font-weight: 400;\">Ich biete Beratungen von der Planung \u00fcber die Inneneinrichtung bis zur Gartengestaltung beim Umbau oder Neubau eines Hauses an. Da ich nicht nur mein eigenes Haus nach der Feng-Shui &#8211; Lehre gebaut habe, kann ich meine Erfahrungen in diese Beratungen mit einflie\u00dfen lassen.<\/div><div style=\"background-image: initial; background-position: initial; background-size: initial; background-repeat: initial; background-attachment: initial; background-origin: initial; background-clip: initial; color: rgb(68, 68, 68); font-family: arial, sans-serif; font-size: 15.3615px; font-style: normal; font-variant-ligatures: normal; font-variant-caps: normal; font-weight: 400;\">&nbsp;<\/div><div style=\"background-image: initial; background-position: initial; background-size: initial; background-repeat: initial; background-attachment: initial; background-origin: initial; background-clip: initial; color: rgb(68, 68, 68); font-family: arial, sans-serif; font-size: 15.3615px; font-style: normal; font-variant-ligatures: normal; font-variant-caps: normal; font-weight: 400;\">Neben dem Gesamtpaket biete ich alle Leistungen auch als einzelne Beratungen, sowie Dienstleistungen an (Gestaltung von G\u00e4rten, das energetische Reinigen von R\u00e4umen &lt;R\u00e4uchern&gt;, Schlafplatzuntersuchung und die Geomantie).<\/div><div style=\"background-image: initial; background-position: initial; background-size: initial; background-repeat: initial; background-attachment: initial; background-origin: initial; background-clip: initial; color: rgb(68, 68, 68); font-family: arial, sans-serif; font-size: 15.3615px; font-style: normal; font-variant-ligatures: normal; font-variant-caps: normal; font-weight: 400;\">&nbsp;<\/div><div style=\"background-image: initial; background-position: initial; background-size: initial; background-repeat: initial; background-attachment: initial; background-origin: initial; background-clip: initial; color: rgb(68, 68, 68); font-family: arial, sans-serif; font-size: 15.3615px; font-style: normal; font-variant-ligatures: normal; font-variant-caps: normal; font-weight: 400;\">Mein erster Kontakt zu&nbsp;<strong style=\"background: transparent;\">Reiki<\/strong>&nbsp;kam zustande als ich nach M\u00f6glichkeiten suchte meine H\u00f6henangst zu bew\u00e4ltigen. Durch die Reiki Techniken und die Unterst\u00fctzung meiner Reiki Ausbilderin habe ich meine H\u00f6henangst \u00fcberwunden. Deshalb entschloss ich mich meinen ersten Reiki Kurs zu absolvieren.<br><br>In den folgenden Jahren habe ich mich zum&nbsp;<strong style=\"background: transparent;\">Reiki Meister und Lehrer<\/strong>&nbsp;sowie&nbsp;<strong style=\"background: transparent;\">Lebensberater<\/strong>&nbsp;weitergebildet.<br><br>Als&nbsp;<strong style=\"background: transparent;\">Gesundheitspraktiker f\u00fcr Pers\u00f6nlichkeitsbildung mit Schwerpunkt Lebensberatung<\/strong>&nbsp;kann ich Ihnen zur Seite stehen und Sie bei wichtigen Fragen oder Problemen in Ihrem Leben begleiten.<br><br>Ich unterst\u00fctze Sie durch gezieltes Zusammenarbeiten an der Situation, um eine neue Sichtweise zu erlangen. Dadurch haben Sie die M\u00f6glichkeit, wieder Ihre volle Kraft und Aufmerksamkeit f\u00fcr sich, Ihre Umgebung und Ihre Aufgaben einzusetzen.<br><br>In weiteren Ausbildungen habe ich die Qualifikation zum&nbsp;<strong style=\"background: transparent;\">Mindtrainer, Headtrainer und Transformationslehrer<\/strong>&nbsp;erlangt und biete Ihnen eine Vielzahl von M\u00f6glichkeiten, die Sie auf Ihrem Weg zur Selbstfindung unterst\u00fctzen und begleiten.<br><br>In den Seminaren, die ich anbiete, geht es um ver\u00e4nderte Sichtweisen und integrierte Prozesse der Eigen- sowie Fremdwahrnehmung. Das f\u00fchrt zu neuen M\u00f6glichkeiten im Zusammenleben und der Zusammenarbeit. Das unterst\u00fctzt Sie im Erkennen von Problemen, was Ihnen L\u00f6sungen in Ihrem Leben aufzeigen kann und somit den Umgang mit Ihren Mitmenschen ver\u00e4ndern kann.<br><\/div>\t\t\t\t\t\t\t\t<\/div>\n\t\t\t\t<\/div>\n\t\t\t\t\t<\/div>\n\t\t<\/div>\n\t\t\t\t\t<\/div>\n\t\t<\/section>\n\t\t\t\t<section class=\"elementor-section elementor-top-section elementor-element elementor-element-0c47a6d elementor-section-boxed elementor-section-height-default elementor-section-height-default\" data-id=\"0c47a6d\" data-element_type=\"section\" data-e-type=\"section\">\n\t\t\t\t\t\t<div class=\"elementor-container elementor-column-gap-default\">\n\t\t\t\t\t<div class=\"elementor-column elementor-col-33 elementor-top-column elementor-element elementor-element-e094010\" data-id=\"e094010\" data-element_type=\"column\" data-e-type=\"column\">\n\t\t\t<div class=\"elementor-widget-wrap elementor-element-populated\">\n\t\t\t\t\t\t<div class=\"elementor-element elementor-element-1507347 elementor-widget elementor-widget-image\" data-id=\"1507347\" data-element_type=\"widget\" data-e-type=\"widget\" data-widget_type=\"image.default\">\n\t\t\t\t<div class=\"elementor-widget-container\">\n\t\t\t\t\t\t\t\t\t\t\t\t\t\t\t<img decoding=\"async\" width=\"200\" height=\"300\" src=\"https:\/\/wp2023.waytoharmony.de\/wp-content\/uploads\/2023\/03\/Mathias.jpg\" class=\"attachment-medium_large size-medium_large wp-image-11\" alt=\"\" \/>\t\t\t\t\t\t\t\t\t\t\t\t\t\t\t<\/div>\n\t\t\t\t<\/div>\n\t\t\t\t\t<\/div>\n\t\t<\/div>\n\t\t\t\t<div class=\"elementor-column elementor-col-66 elementor-top-column elementor-element elementor-element-7c0351b\" data-id=\"7c0351b\" data-element_type=\"column\" data-e-type=\"column\">\n\t\t\t<div class=\"elementor-widget-wrap elementor-element-populated\">\n\t\t\t\t\t\t<div class=\"elementor-element elementor-element-073f7a1 elementor-widget elementor-widget-text-editor\" data-id=\"073f7a1\" data-element_type=\"widget\" data-e-type=\"widget\" data-widget_type=\"text-editor.default\">\n\t\t\t\t<div class=\"elementor-widget-container\">\n\t\t\t\t\t\t\t\t\t<div><p>Von\u00a0<strong>2007 bis 2009<\/strong> war ich im Trainerstab der Kooperationsschule f\u00fcr angewandte Energiearbeit unterst\u00fctzend t\u00e4tig. Im Sommer 2009 gr\u00fcndeten wir zusammen das <strong>Kollegium Martina Roth<\/strong>\u00a0und bildeten bis 2011 gemeinsam viele\u00a0<strong>Gesundheitspraktiker, Reiki \u2013 Lehrer und Lebensberater<\/strong>\u00a0aus.<\/p><\/div><div><strong>2010<\/strong>\u00a0habe ich mich zum\u00a0<strong>Quant<em>X<\/em>-Anwender\u00a0<\/strong>und bei\u00a0<strong>Prof. Dr. Lim<\/strong>\u00a0zum\u00a0<strong>Tao Health Living Praktiker<\/strong>\u00a0ausbilden lassen. Seit diesen Ausbildungen biete ich Sitzungen mit der\u00a0<strong>2-Punkt-Methode<\/strong>\u00a0an und vermittle das Wissen dar\u00fcber in Seminaren. Des weiteren habe ich eine Ausbildung in\u00a0\u00a0<strong>Aura-Body-Balance-Technik<\/strong>\u00a0(Kl\u00fcgel nennt es Aura-Chirurgie) absolviert.<\/div><div>\u00a0<\/div><div>Mit einer weiteren\u00a0<strong>Fortbildung<\/strong>\u00a0im Jahre\u00a0<strong>2012<\/strong>, habe ich Wissen vermittelt bekommen, welches mir ein Tor ge\u00f6ffnet hat. Ich habe L\u00f6sungen f\u00fcr mich erkannt und werde damit immer entspannter und zufriedener. Dies m\u00f6chte ich auch in\u00a0<strong>Vortr\u00e4gen und\u00a0Seminaren\u00a0\u00a0\u00a0<\/strong>\u00a0(Seele sein; Unzufriedenheit &#8211; das kann ich tun) weiter geben.<\/div>\t\t\t\t\t\t\t\t<\/div>\n\t\t\t\t<\/div>\n\t\t\t\t\t<\/div>\n\t\t<\/div>\n\t\t\t\t\t<\/div>\n\t\t<\/section>\n\t\t\t\t<section class=\"elementor-section elementor-top-section elementor-element elementor-element-51532b6 elementor-section-boxed elementor-section-height-default elementor-section-height-default\" data-id=\"51532b6\" data-element_type=\"section\" data-e-type=\"section\">\n\t\t\t\t\t\t<div class=\"elementor-container elementor-column-gap-default\">\n\t\t\t\t\t<div class=\"elementor-column elementor-col-100 elementor-top-column elementor-element elementor-element-0470d43\" data-id=\"0470d43\" data-element_type=\"column\" data-e-type=\"column\">\n\t\t\t<div class=\"elementor-widget-wrap elementor-element-populated\">\n\t\t\t\t\t\t<div class=\"elementor-element elementor-element-bbf8639 elementor-widget elementor-widget-text-editor\" data-id=\"bbf8639\" data-element_type=\"widget\" data-e-type=\"widget\" data-widget_type=\"text-editor.default\">\n\t\t\t\t<div class=\"elementor-widget-container\">\n\t\t\t\t\t\t\t\t\t<div>Die Ausbildung im Jahre\u00a0<strong>2015<\/strong>\u00a0zum ausgebildeten\u00a0<strong>Hypnotiseur (TMI)\u00a0<\/strong>beim\u00a0<strong>TherMedius\u00ae-Institut<\/strong>\u00a0f\u00fcr therapeutische Fachausbildungen rundet die M\u00f6glichkeiten f\u00fcr Sie ab, um in der Lebensberatung an Ihre Themen zu kommen.<\/div><p>Ich sehe meine Aufgabe darin, Wissen weiter zu geben, Menschen in Ihren allt\u00e4glichen Themen zu unterst\u00fctzen und Lebensr\u00e4ume zu schaffen, in denen Sie in Harmonie leben k\u00f6nnen. Dadurch wird ein harmonischer sowie liebevoller Umgang miteinander m\u00f6glich. Diese Harmonie zeigt sich im Innen wie auch im Au\u00dfen.<\/p><p>Mein Anliegen ist es, Menschen zu lehren, sich zu \u00f6ffnen, um Energien durch sich hindurch laufen zu lassen, Gef\u00fchle zu zeigen und neue Sichtweisen einzunehmen. Ferner, wie Sie selbst\u00e4ndig Ihre eigenen Qualit\u00e4ten in Ihr Leben bringen k\u00f6nnen, damit Sie zufrieden und entspannt Ihr Leben genie\u00dfen.<\/p><p>\u00a0<\/p><p>Ich w\u00fcnsche Ihnen eine sch\u00f6ne Zeit.<\/p><div id=\"all\"><div id=\"back\"><div id=\"contentarea\"><div id=\"wrapper2\"><div id=\"main\" role=\"main\"><article class=\"item-page\"><p>Mathias Geu\u00df<\/p><\/article><\/div><\/div><\/div><\/div><\/div>\t\t\t\t\t\t\t\t<\/div>\n\t\t\t\t<\/div>\n\t\t\t\t\t<\/div>\n\t\t<\/div>\n\t\t\t\t\t<\/div>\n\t\t<\/section>\n\t\t\t\t<\/div>\n\t\t","protected":false},"excerpt":{"rendered":"<p>Mein Name ist Mathias Geu\u00df. Ich lebe mit meiner Frau und unseren beiden T\u00f6chtern in D\u00f6rfles-Esbach nahe Coburg.\u00a0Hauptberuflich arbeite ich als Abteilungsleiter in der Feuerwache in Coburg.\u00a0Ich bin\u00a0Qi-Mag\u00ae Feng Shui [&hellip;]<\/p>\n","protected":false},"author":1,"featured_media":0,"parent":0,"menu_order":0,"comment_status":"closed","ping_status":"closed","template":"","meta":{"ocean_post_layout":"full-width","ocean_both_sidebars_style":"","ocean_both_sidebars_content_width":0,"ocean_both_sidebars_sidebars_width":0,"ocean_sidebar":"0","ocean_second_sidebar":"0","ocean_disable_margins":"on","ocean_add_body_class":"","ocean_shortcode_before_top_bar":"","ocean_shortcode_after_top_bar":"","ocean_shortcode_before_header":"","ocean_shortcode_after_header":"","ocean_has_shortcode":"","ocean_shortcode_after_title":"","ocean_shortcode_before_footer_widgets":"","ocean_shortcode_after_footer_widgets":"","ocean_shortcode_before_footer_bottom":"","ocean_shortcode_after_footer_bottom":"","ocean_display_top_bar":"default","ocean_display_header":"off","ocean_header_style":"top","ocean_center_header_left_menu":"0","ocean_custom_header_template":"0","ocean_custom_logo":0,"ocean_custom_retina_logo":0,"ocean_custom_logo_max_width":0,"ocean_custom_logo_tablet_max_width":0,"ocean_custom_logo_mobile_max_width":0,"ocean_custom_logo_max_height":0,"ocean_custom_logo_tablet_max_height":0,"ocean_custom_logo_mobile_max_height":0,"ocean_header_custom_menu":"0","ocean_menu_typo_font_family":"0","ocean_menu_typo_font_subset":"","ocean_menu_typo_font_size":0,"ocean_menu_typo_font_size_tablet":0,"ocean_menu_typo_font_size_mobile":0,"ocean_menu_typo_font_size_unit":"px","ocean_menu_typo_font_weight":"","ocean_menu_typo_font_weight_tablet":"","ocean_menu_typo_font_weight_mobile":"","ocean_menu_typo_transform":"","ocean_menu_typo_transform_tablet":"","ocean_menu_typo_transform_mobile":"","ocean_menu_typo_line_height":0,"ocean_menu_typo_line_height_tablet":0,"ocean_menu_typo_line_height_mobile":0,"ocean_menu_typo_line_height_unit":"","ocean_menu_typo_spacing":0,"ocean_menu_typo_spacing_tablet":0,"ocean_menu_typo_spacing_mobile":0,"ocean_menu_typo_spacing_unit":"","ocean_menu_link_color":"","ocean_menu_link_color_hover":"","ocean_menu_link_color_active":"","ocean_menu_link_background":"","ocean_menu_link_hover_background":"","ocean_menu_link_active_background":"","ocean_menu_social_links_bg":"","ocean_menu_social_hover_links_bg":"","ocean_menu_social_links_color":"","ocean_menu_social_hover_links_color":"","ocean_disable_title":"on","ocean_disable_heading":"default","ocean_post_title":"","ocean_post_subheading":"","ocean_post_title_style":"","ocean_post_title_background_color":"","ocean_post_title_background":0,"ocean_post_title_bg_image_position":"","ocean_post_title_bg_image_attachment":"","ocean_post_title_bg_image_repeat":"","ocean_post_title_bg_image_size":"","ocean_post_title_height":0,"ocean_post_title_bg_overlay":0.5,"ocean_post_title_bg_overlay_color":"","ocean_disable_breadcrumbs":"default","ocean_breadcrumbs_color":"","ocean_breadcrumbs_separator_color":"","ocean_breadcrumbs_links_color":"","ocean_breadcrumbs_links_hover_color":"","ocean_display_footer_widgets":"default","ocean_display_footer_bottom":"default","ocean_custom_footer_template":"0","footnotes":""},"class_list":["post-60","page","type-page","status-publish","hentry","entry"],"_links":{"self":[{"href":"https:\/\/wp2023.waytoharmony.de\/Home\/wp-json\/wp\/v2\/pages\/60","targetHints":{"allow":["GET"]}}],"collection":[{"href":"https:\/\/wp2023.waytoharmony.de\/Home\/wp-json\/wp\/v2\/pages"}],"about":[{"href":"https:\/\/wp2023.waytoharmony.de\/Home\/wp-json\/wp\/v2\/types\/page"}],"author":[{"embeddable":true,"href":"https:\/\/wp2023.waytoharmony.de\/Home\/wp-json\/wp\/v2\/users\/1"}],"replies":[{"embeddable":true,"href":"https:\/\/wp2023.waytoharmony.de\/Home\/wp-json\/wp\/v2\/comments?post=60"}],"version-history":[{"count":10,"href":"https:\/\/wp2023.waytoharmony.de\/Home\/wp-json\/wp\/v2\/pages\/60\/revisions"}],"predecessor-version":[{"id":2358,"href":"https:\/\/wp2023.waytoharmony.de\/Home\/wp-json\/wp\/v2\/pages\/60\/revisions\/2358"}],"wp:attachment":[{"href":"https:\/\/wp2023.waytoharmony.de\/Home\/wp-json\/wp\/v2\/media?parent=60"}],"curies":[{"name":"wp","href":"https:\/\/api.w.org\/{rel}","templated":true}]}}